{"id":27,"date":"2023-05-15T20:53:45","date_gmt":"2023-05-15T20:53:45","guid":{"rendered":"https:\/\/plesalec.org\/ples24\/?page_id=27"},"modified":"2023-07-14T20:47:15","modified_gmt":"2023-07-14T20:47:15","slug":"tango","status":"publish","type":"page","link":"https:\/\/plesalec.org\/ples\/tango\/","title":{"rendered":"Tango"},"content":{"rendered":"<p>Neko\u010d so tango plesali le v pristani\u0161kih beznicah, ilegalnih igralnicah, med umazanimi mizami in pijanimi gosti. Tango argentino 0je bil rezerviran za postopa\u010de, prostitutke in druge pripadnike najni\u017ejih slojev, priseljence sumljive preteklosti in vpra\u0161ljive prihodnosti.<\/p>\n<p>V cerkvi so svarili pred njim. Vzorni me\u0161\u010dani se ga ne bi pritaknili niti s palico. Kasneje je tango sprejela elita najrazko\u0161nej\u0161ih mest, te\u010daj tanga je eden najbolj za\u017eeljenih in danes ga ple\u0161ejo v vseh plesnih dvoranah.<\/p>\n<p>Je eden najatraktivnej\u0161ih in najstrastnej\u0161ih plesov, v katerem u\u017eivajo tako gledalci kot plesalci.<\/p>\n<p><a href=\"https:\/\/plesalec.org\/ples\/wp-content\/uploads\/2023\/05\/tango-01-1.jpg\"><img loading=\"lazy\" decoding=\"async\" class=\"aligncenter size-full wp-image-122\" src=\"https:\/\/plesalec.org\/ples\/wp-content\/uploads\/2023\/05\/tango-01-1.jpg\" alt=\"\" width=\"650\" height=\"325\" srcset=\"https:\/\/plesalec.org\/ples\/wp-content\/uploads\/2023\/05\/tango-01-1.jpg 650w, https:\/\/plesalec.org\/ples\/wp-content\/uploads\/2023\/05\/tango-01-1-300x150.jpg 300w, https:\/\/plesalec.org\/ples\/wp-content\/uploads\/2023\/05\/tango-01-1-500x250.jpg 500w\" sizes=\"auto, (max-width: 650px) 100vw, 650px\" \/><\/a><\/p>\n<p>&nbsp;<\/p>\n<h2>Brez dotikanja, prosim!<\/h2>\n<p>\u010ceprav je ples ena najstarej\u0161ih \u010dlove\u0161kih dejavnosti, so si ga skozi zgodovino predstavljali zelo razli\u010dno. Ko je kr\u0161\u010danstvo izpodrivalo poganska verovanja, so se umikali \u0161tevilni obi\u010daji. Plesa sicer niso prepovedali, a pojavila so se stroga pravila. Gole \u017eenske, ki ob kresu s plesom kli\u010dejo de\u017e, bi lahko kon\u010dale na grmadi. Varuhi morale so skrbeli, da so bili plesalci spodobno oble\u010deni in so se temu primerno obna\u0161ali.<\/p>\n<p>V za\u010detku 19. stoletja so bile najbolj raz\u0161irjene oblike plesa, pri katerih sta plesalka in plesalec stala drug drugemu nasproti. Dovoljeni so bili le ob\u010dasni dotiki z rokami pri menjavah polo\u017eajev in partnerjev. Tak\u0161ne plese so imenovali &#8216;contradanza&#8217;, kar je italijanska oblika angle\u0161kega izraza &#8216;country dance&#8217; (pode\u017eelski ples).<\/p>\n<h2>Nespodobni tango in milonga<\/h2>\n<p>Dunajski val\u010dek velja za prvi ples, pri katerem sta plesalka in plesalec objeta. Seveda so ga takoj ozna\u010dili za nespodobnega. Po nekaterih virih se za spremembo mnenja o val\u010dku in ostalih standardnih plesih lahko zahvalimo finan\u010dnim te\u017eavam pari\u0161ke operne hi\u0161e okrog leta 1850.<\/p>\n<p>Publiko so v prazno dvorano privabili s predstavami, v katere so vklju\u010dili prizore z dunajskim val\u010dkom. Nezasli\u0161ana odlo\u010ditev je razprodala predstave in napolnila blagajno. Nespodobni ples je postajal vse bolj sprejemljiv. Val\u010dku je sledila polka.V nekaj desetletjih so novi plesi izpodrinili &#8216;contradanzo&#8217;. Tudi najrevnej\u0161i sloji so plesali, in ko so se s trebuhom za kruhom odpravljali iz Evrope v Ameriko, so ples odnesli s seboj.<\/p>\n<p>Okrog leta 1880 se je tako v najrevnej\u0161ih predmestjih Buenos Airesa med siromaki in izob\u010denci vseh ras rodil nov ples. Polke, mazurke in val\u010dki so se pome\u0161ali s kubansko habanero v milongo. Milonga v jeziku nekaterih afri\u0161kih plemen pomeni &#8216;besede&#8217;. Prav teh je najbr\u017e manjkalo v besednjaku priseljencev, ki so se, zbrani z vseh vetrov, \u0161e najla\u017ee sporazumevali s plesom.<\/p>\n<p><a href=\"https:\/\/plesalec.org\/ples\/wp-content\/uploads\/2023\/05\/tango-02-1.jpg\"><img loading=\"lazy\" decoding=\"async\" class=\"aligncenter size-full wp-image-120\" src=\"https:\/\/plesalec.org\/ples\/wp-content\/uploads\/2023\/05\/tango-02-1.jpg\" alt=\"\" width=\"650\" height=\"433\" srcset=\"https:\/\/plesalec.org\/ples\/wp-content\/uploads\/2023\/05\/tango-02-1.jpg 650w, https:\/\/plesalec.org\/ples\/wp-content\/uploads\/2023\/05\/tango-02-1-300x200.jpg 300w, https:\/\/plesalec.org\/ples\/wp-content\/uploads\/2023\/05\/tango-02-1-500x333.jpg 500w\" sizes=\"auto, (max-width: 650px) 100vw, 650px\" \/><\/a><\/p>\n<p>&nbsp;<\/p>\n<h2>Argentinski tango pravzaprav prihaja iz Afrike<\/h2>\n<p>\u010crncev med reve\u017ei na robu zakona ni manjkalo. Njihovi ritmi so odmevali po tesnih predmestnih ulicah in se vklju\u010devali v druge vrste plesov. Eden izmed njih je bil tango andaluz, v katerem so kitarsko spremljavo, ki je orkester in klavir ne zmoreta posneti, nadomestili z ritmi habanere.<\/p>\n<p>Beseda tango je starej\u0161a od plesa. Nekateri menijo, da izvira iz latin\u0161\u010dine (tangere, t.j. dotikati se), drugi opozarjajo, da se tango imenuje boben, obi\u010dajen v spremljavi afri\u0161kih plesov, imenovanih &#8216;candombe&#8217;. Vsekakor slovar \u0160panske kraljeve akademije iz tistega obdobja navaja, da je tango &#8220;sre\u010danje in ples \u010drncev ali pripadnikov ni\u017ejih socialnih slojev&#8221;. Argentinski tango je nastal iz andalu\u0161kega. Je ples obupanih in razo\u010daranih. Je mra\u010den, usoden, poln gorja in bridkosti.<\/p>\n<p>Ljudje na robu pre\u017eivetja si niso mogli privo\u0161\u010diti plesnih u\u010diteljev. Zato so na ulici pobrali, kar so pa\u010d na\u0161li. Veliko je bilo ekperimentiranja, veliko spakovanja. Afri\u010dani so iz &#8216;candombe&#8217; prinesli zna\u010dilna pokr\u010dena kolena, s katerimi so poudarjali svoje plesne spretnosti.<\/p>\n<p>Ne pozabimo, da se je tango pojavil v obdobju, ko se je ve\u010dini civiliziranega sveta zdela \u017ee plesal\u010deva desnica na plesalkinini lopatici spotikljiva. Kaj so si torej mislili o tangu, kjer je plesni par tesno objet, kjer se lice dotika lica in prsi naslanjajo na prsi? Kot bi to ne bilo dovolj, noge urno menjavajo polo\u017eaje, pri \u010demer plesal\u010deve ves \u010das stopajo med plesalkine in obratno!<\/p>\n<p>Tango je ostal rezerviran za dru\u017ebene izme\u010dke, brezposelne, alkoholike in pocestnice. Prav te so iz tanga menda naredile pravo umetnost, saj so tako kar na cesti v paru z zvodnikom morebitnim strankam razkazovale svojo gib\u010dnost. Veliko je bilo strasti, spogledovanja in izzivanja. Besedila pesmi, ki so jih peli prvi izvajalci tanga, so bila obscena, polna umazanih namigov in slabega okusa.<\/p>\n<p>Za enega najuspe\u0161nej\u0161ih tangov velja &#8216;El Choclo&#8217;, kar pomeni dobesedno koruzni stor\u017e, a z malo domi\u0161ljije&#8230; Ljubezen, strast in ljubosumje \u0161e danes ostajajo poglavitni motivi v tangu. Dodajmo \u0161e to, da so cipe postavile cene tudi tangu. Ker si marsikateri mo\u0161ki ni mogel privo\u0161\u010diti soplesalke, so postali mo\u0161ki plesni pari nekaj povsem obi\u010dajnega. Izklju\u010dno mo\u0161ke plesne dru\u017ebe so na tak na\u010din izumile kopico figur in novih korakov.<\/p>\n<p>Najbolj\u0161i so kmalu pritegnili pozornost \u017eensk, kar je bil konec koncev njihov poglavitni namen. V modernih predstavah s tangom so akrobacije plesalcev s plesalci ali plesalk s plesalkami \u0161e vedno zelo pogoste.<\/p>\n<p><a href=\"https:\/\/plesalec.org\/ples\/wp-content\/uploads\/2023\/05\/tango-03-1.jpg\"><img loading=\"lazy\" decoding=\"async\" class=\"aligncenter size-full wp-image-121\" src=\"https:\/\/plesalec.org\/ples\/wp-content\/uploads\/2023\/05\/tango-03-1.jpg\" alt=\"\" width=\"650\" height=\"433\" srcset=\"https:\/\/plesalec.org\/ples\/wp-content\/uploads\/2023\/05\/tango-03-1.jpg 650w, https:\/\/plesalec.org\/ples\/wp-content\/uploads\/2023\/05\/tango-03-1-300x200.jpg 300w, https:\/\/plesalec.org\/ples\/wp-content\/uploads\/2023\/05\/tango-03-1-500x333.jpg 500w\" sizes=\"auto, (max-width: 650px) 100vw, 650px\" \/><\/a><\/p>\n<p>&nbsp;<\/p>\n<h2>Nezaustavljivi tango<\/h2>\n<p>Med &#8216;spodobne&#8217; ljudi je tango pri\u0161el skozi stranska vrata. Na zabavah ob porokah, krstih in drugi prilo\u017enostih je ob koncu orkester zaigral zna\u010dilne ritme in najdrznej\u0161i so se poskusili v izzivalnih gibih. Sprva brez zgra\u017eanja ni \u0161lo, kasneje so prav te gibe najbolj nestrpno pri\u010dakovali. \u010cez ocean so ga v Evropo zanesli mornarji in tam je tango kmalu sprejela elita.<\/p>\n<h2>Sosedova trava je vedno bolj zelena<\/h2>\n<p>Argentinska ekonomija je postala ena najmo\u010dnej\u0161ih na svetu. Bogata\u0161i so za\u010deli z rednimi potovanji na Staro celino. Tam so nekaj \u010dasa celo uporabljali frazo &#8216;bogat kot Argentinec&#8217;. In kaj so Evropejci obiskovalcem lahko ponudili izzivalnej\u0161ega kot &#8211; tango? Elita Buenos Airesa je ples, tako priljubljen v Parizu, z navdu\u0161enjem sprejela. Tokrat v smokingu ali ve\u010derni obleki, s sentimentalnimi besedili in brez najspornej\u0161ih korakov. Rudolf Valentino je leta 1921 iz tanga napravil svetovni hit.<\/p>\n<p>Ka\u017ee, da je priljubljenost tanga padla ravno z razpadom argentinske ekonomije, v \u010dasu nekaterih voja\u0161kih re\u017eimov je bil celo prepovedan, toda v zadnjih desetletjih se tango vra\u010da v velikem stilu. Ni\u010d \u010dudnega, saj \u017eivimo v vse bolj mra\u010dnih in nevarnih \u010dasih, ki pripadajo drznim, odlo\u010dnim in strastnim. \u010ce ga nameravate preizkusiti \u0161e sami, naj bo v pomo\u010d citat Ala Pacina iz filma Vonj po \u017eenski: &#8220;Tango je najla\u017eji ples. \u010ce se zmoti\u0161 in zaplete\u0161, preprosto odtanga\u0161 naprej.&#8221;<\/p>\n<h2>Za ljubitelje predal\u010dkov<\/h2>\n<p>Obstajajo vsaj \u0161tirje stili tanga: argentinski, francoski, gav\u010do in mednarodni. V zadnjih letih postaja vse pomembnej\u0161a \u0161e ameri\u0161ka izpeljanka, ki zajema iz vseh \u0161tirih. Menda je najstarej\u0161i gav\u010do stil, v katerem je plesalki predpisano dolgo krilo, plesalcem pa \u0161kornji in ostroge! Tudi dr\u017ea je nekaj posebnega. Ker se pravi gav\u010do le poredko brije, se plesalka, v skrbi za ne\u017eno ko\u017eo na licih, naslanja na njegovo rame.<\/p>\n<p>Desnico ima naslonjeno ob plesal\u010dev bok, \u010dim bli\u017ee njegovemu zadnjemu hla\u010dnemu \u017eepu, v katerem so imeli gav\u010di obi\u010dajno denarnico &#8230; Da, tudi to je tango!<\/p>\n<p><a href=\"https:\/\/plesalec.org\/ples\/wp-content\/uploads\/2023\/05\/tango-04.jpg\"><img loading=\"lazy\" decoding=\"async\" class=\"aligncenter size-full wp-image-70\" src=\"https:\/\/plesalec.org\/ples\/wp-content\/uploads\/2023\/05\/tango-04.jpg\" alt=\"\" width=\"650\" height=\"325\" \/><\/a><\/p>\n<p>&nbsp;<\/p>\n<p>Mali slovar\u010dek izrazov:<br \/>\nabrazo: objem (dr\u017ea)<br \/>\nbarrio: okoli\u0161, sose\u0161\u010dina<br \/>\ncompadre: prebivalec predmestja, obi\u010dajno pogumen, ponosen, celo nadut<br \/>\ncruzada: kri\u017eanje (nog)<br \/>\ndesplazamiento: premik (z nogo premakne\u0161 partnerjevo)<br \/>\nenganche: spotikanje (ovijanje noge okrog partnerjeve)<br \/>\nfueye: bandoneon (vrsta harmonike)<br \/>\nmilonga: prireditev na kateri se ple\u0161e tango<br \/>\nocho: osem (figura, v kateri s stopali na tleh zari\u0161e\u0161 osmico)<br \/>\nocho atras: ocho v obratni smeri<br \/>\npista: plesi\u0161\u010de<br \/>\nportenio: prebivalec Buenos Airesa (port pomeni pristani\u0161\u010de)<br \/>\nsandwichito: sendvi\u010d (z nogo si ujet med partnerjevi)<\/p>\n","protected":false},"excerpt":{"rendered":"<p>Neko\u010d so tango plesali le v pristani\u0161kih beznicah, ilegalnih igralnicah, med umazanimi mizami in pijanimi gosti. Tango argentino 0je bil rezerviran za postopa\u010de, prostitutke in druge pripadnike najni\u017ejih slojev, priseljence sumljive preteklosti in vpra\u0161ljive prihodnosti. V cerkvi so svarili pred njim. Vzorni me\u0161\u010dani se ga ne bi pritaknili niti s palico. Kasneje je tango sprejela [&hellip;]<\/p>\n","protected":false},"author":1,"featured_media":0,"parent":0,"menu_order":1,"comment_status":"closed","ping_status":"closed","template":"","meta":{"footnotes":""},"class_list":["post-27","page","type-page","status-publish","hentry"],"_links":{"self":[{"href":"https:\/\/plesalec.org\/ples\/wp-json\/wp\/v2\/pages\/27","targetHints":{"allow":["GET"]}}],"collection":[{"href":"https:\/\/plesalec.org\/ples\/wp-json\/wp\/v2\/pages"}],"about":[{"href":"https:\/\/plesalec.org\/ples\/wp-json\/wp\/v2\/types\/page"}],"author":[{"embeddable":true,"href":"https:\/\/plesalec.org\/ples\/wp-json\/wp\/v2\/users\/1"}],"replies":[{"embeddable":true,"href":"https:\/\/plesalec.org\/ples\/wp-json\/wp\/v2\/comments?post=27"}],"version-history":[{"count":10,"href":"https:\/\/plesalec.org\/ples\/wp-json\/wp\/v2\/pages\/27\/revisions"}],"predecessor-version":[{"id":137,"href":"https:\/\/plesalec.org\/ples\/wp-json\/wp\/v2\/pages\/27\/revisions\/137"}],"wp:attachment":[{"href":"https:\/\/plesalec.org\/ples\/wp-json\/wp\/v2\/media?parent=27"}],"curies":[{"name":"wp","href":"https:\/\/api.w.org\/{rel}","templated":true}]}}